{"id":1785,"date":"2024-07-28T03:31:58","date_gmt":"2024-07-28T00:31:58","guid":{"rendered":"https:\/\/atropena.com\/mtfotografajansi\/?page_id=1785"},"modified":"2024-09-04T22:31:25","modified_gmt":"2024-09-04T19:31:25","slug":"hizmetlerimiz","status":"publish","type":"page","link":"https:\/\/atropena.com\/mtfotografajansi\/hizmetlerimiz\/","title":{"rendered":"Hizmetlerimiz"},"content":{"rendered":"\t\t<div data-elementor-type=\"wp-page\" data-elementor-id=\"1785\" class=\"elementor elementor-1785\">\n\t\t\t\t\t\t<section class=\"elementor-section elementor-top-section elementor-element elementor-element-4fb54635 elementor-section-stretched elementor-section-full_width elementor-section-height-default elementor-section-height-default\" data-id=\"4fb54635\" data-element_type=\"section\" data-settings=\"{&quot;stretch_section&quot;:&quot;section-stretched&quot;}\">\n\t\t\t\t\t\t<div class=\"elementor-container elementor-column-gap-no\">\n\t\t\t\t\t<div class=\"elementor-column elementor-col-100 elementor-top-column elementor-element elementor-element-5bf363dc\" data-id=\"5bf363dc\" data-element_type=\"column\">\n\t\t\t<div class=\"elementor-widget-wrap elementor-element-populated\">\n\t\t\t\t\t\t<div class=\"elementor-element elementor-element-1987a75f elementor-widget elementor-widget-callix_theme_slider4\" data-id=\"1987a75f\" data-element_type=\"widget\" data-widget_type=\"callix_theme_slider4.default\">\n\t\t\t\t<div class=\"elementor-widget-container\">\n\t\t\t<section class=\" banner-section banner-four\">\n\t<div class=\"outer-container\">\n\t\t<div class=\"banner-carousel owl-theme owl-carousel\">\n\t\t\t\n\t\t\t\t\t\t\n\t\t\t<div class=\"slide-item\">\n\t\t\t\t<div class=\"image-layer\" style=\"background-image: url(https:\/\/atropena.com\/mtfotografajansi\/wp-content\/uploads\/2024\/08\/03327D15-22AA-47D9-8211-094D2B0880FD.jpg);\"><\/div>\n\t\t\t\t<div class=\"auto-container\">\n\t\t\t\t\t<div class=\"content-box\">\n\t\t\t\t\t\t<div class=\"content clearfix\">\n\t\t\t\t\t\t\t<div class=\"inner\">\n\t\t\t\t\t\t\t\t<div class=\"sub-title\">MT FOTO\u011eRAF AJANSI<\/div>\n\t\t\t\t\t\t\t\t<h1>H\u0130ZMETLER\u0130M\u0130Z<\/h1>\n\t\t\t\t\t\t\t\t<div class=\"link-box clearfix\">\n\t\t\t\t\t\t\t\t\t<a href=\"https:\/\/atropena.com\/mtfotografajansi\/iletisim\/\" class=\"theme-btn btn-style-ten\"><span class=\"btn-title\">+90 532 153 34 96<\/span><\/a>\n\t\t\t\t\t\t\t\t\t<a href=\"https:\/\/atropena.com\/mtfotografajansi\/iletisim\/\" class=\"theme-btn btn-style-three\"><span class=\"btn-title\">+90 212 511 01 70<\/span><\/a>\n\t\t\t\t\t\t\t\t<\/div>\n\t\t\t\t\t\t\t<\/div>\n\t\t\t\t\t\t\t<div class=\"video-link\">\n\t\t\t\t\t\t\t\t<a href=\"https:\/\/atropena.com\/mtfotografajansi\/iletisim\/\" class=\"lightbox-image play-btn\">\n\t\t\t\t\t\t\t\t\t<span class=\"icon flaticon-media-play-symbol\"><\/span>\n\t\t\t\t\t\t\t\t\t<i class=\"ripple\"><\/i>\n\t\t\t\t\t\t\t\t<\/a>\n\t\t\t\t\t\t\t<\/div>\n\t\t\t\t\t\t<\/div>\n\t\t\t\t\t<\/div>\n\t\t\t\t<\/div>\n\t\t\t<\/div>\n\t\t\t\n\t\t\t\t\t<\/div>\n\t<\/div>\n<\/section>\n\t\t\t\t<\/div>\n\t\t\t\t<\/div>\n\t\t\t\t\t<\/div>\n\t\t<\/div>\n\t\t\t\t\t<\/div>\n\t\t<\/section>\n\t\t\t\t<section class=\"elementor-section elementor-top-section elementor-element elementor-element-68adef0c elementor-section-stretched elementor-section-full_width elementor-section-height-default elementor-section-height-default\" data-id=\"68adef0c\" data-element_type=\"section\" data-settings=\"{&quot;stretch_section&quot;:&quot;section-stretched&quot;}\">\n\t\t\t\t\t\t<div class=\"elementor-container elementor-column-gap-no\">\n\t\t\t\t\t<div class=\"elementor-column elementor-col-100 elementor-top-column elementor-element elementor-element-49a581bb\" data-id=\"49a581bb\" data-element_type=\"column\">\n\t\t\t<div class=\"elementor-widget-wrap elementor-element-populated\">\n\t\t\t\t\t\t<div class=\"elementor-element elementor-element-4c091894 elementor-widget elementor-widget-callix_about4\" data-id=\"4c091894\" data-element_type=\"widget\" data-widget_type=\"callix_about4.default\">\n\t\t\t\t<div class=\"elementor-widget-container\">\n\t\t\t<section class=\" about-section-four\">\n\t<div class=\"auto-container\">\n\n\t\t<div class=\"row clearfix\">\n\t\t\t<!--Text Column-->\n\t\t\t<div class=\"text-column col-lg-6 col-md-12 col-sm-12\">\n\t\t\t\t<div class=\"inner\">\n\t\t\t\t\t<div class=\"sec-title-four left-aligned\">\n\t\t\t\t\t\t<div class=\"sub-title\">H\u0130ZMETLER\u0130M\u0130Z<\/div>\n\t\t\t\t\t\t<h2>G\u00f6rsellerle Fark Yarat\u0131n<br>\n<\/h2>\n\t\t\t\t\t\t<div class=\"lower-text\">MT Foto\u011fraf Ajans\u0131 olarak, yarat\u0131c\u0131 ve profesyonel foto\u011fraf\u00e7\u0131l\u0131k ve videografi hizmetleri sunuyoruz. Geni\u015f bir yelpazede sundu\u011fumuz hizmetlerle, m\u00fc\u015fterilerimizin her t\u00fcrl\u00fc g\u00f6rsel ihtiya\u00e7lar\u0131n\u0131 kar\u015f\u0131lamay\u0131 hedefliyoruz.<\/div>\n\t\t\t\t\t<\/div>\n\t\t\t\t\t<div class=\"text\">\n\t\t\t\t\t\t \n\t\t\t\t\t<\/div>\n\t\t\t\t<\/div>\n\t\t\t<\/div>\n\t\t\t<!--Image Column-->\n\t\t\t<div class=\"image-column col-lg-6 col-md-12 col-sm-12\">\n\t\t\t\t<div class=\"inner clearfix\">\n\t\t\t\t\t<div class=\"image-box\">\n\t\t\t\t\t\t<figure class=\"image wow rollIn\"><img decoding=\"async\" src=\"https:\/\/old4.commonsupport.com\/callix\/wp-content\/uploads\/2020\/06\/featured-image-13.png\" alt=\"Image\"><\/figure>\n\t\t\t\t\t\t<div class=\"info-text wow fadeInLeft\" data-wow-delay=\"1000ms\">\n\t\t\t\t\t\t\t<div class=\"count\">20+\n<span><\/span><\/div>\n\t\t\t\t\t\t\tYILLIK TECR\u00dcBE\t\t\t\t\t\t<\/div>\n\t\t\t\t\t<\/div>\n\t\t\t\t<\/div>\n\t\t\t<\/div>\n\t\t<\/div>\n\t<\/div>\n<\/section>\n\t\t\t\t<\/div>\n\t\t\t\t<\/div>\n\t\t\t\t\t<\/div>\n\t\t<\/div>\n\t\t\t\t\t<\/div>\n\t\t<\/section>\n\t\t\t\t<section class=\"elementor-section elementor-top-section elementor-element elementor-element-10f23fbd elementor-section-stretched elementor-section-full_width elementor-section-height-default elementor-section-height-default\" data-id=\"10f23fbd\" data-element_type=\"section\" data-settings=\"{&quot;stretch_section&quot;:&quot;section-stretched&quot;}\">\n\t\t\t\t\t\t<div class=\"elementor-container elementor-column-gap-no\">\n\t\t\t\t\t<div class=\"elementor-column elementor-col-100 elementor-top-column elementor-element elementor-element-b923f1a\" data-id=\"b923f1a\" data-element_type=\"column\">\n\t\t\t<div class=\"elementor-widget-wrap elementor-element-populated\">\n\t\t\t\t\t\t<div class=\"elementor-element elementor-element-36a88d9f elementor-widget elementor-widget-callix_services4\" data-id=\"36a88d9f\" data-element_type=\"widget\" data-widget_type=\"callix_services4.default\">\n\t\t\t\t<div class=\"elementor-widget-container\">\n\t\t\t<section class=\" services-section-three\">\n        <div class=\"outer-container clearfix\">\n            <div class=\"row clearfix\">                \n\t\t\t\t\n\t\t\t\t\t\t\t\t\n\t\t\t\t\t\t\t\t\n                <div class=\"service-block-three col-xl-6 col-lg-12 col-md-12\">\n                    <div class=\"inner-box\">\n                        <div class=\"row clearfix\">\n                            <!--Text Column-->\n                            <div class=\"text-col col-xl-6 col-lg-6 col-md-6 col-sm-12\">\n                                <div class=\"inner\">\n                                    <div class=\"icon\"><span class=\"icon flaticon-worldwide-1\"><\/span><\/div>\n                                    <div class=\"count\">01<\/div>\n                                    <h3>\u00dcr\u00fcn Foto\u011fraf\u00e7\u0131l\u0131\u011f\u0131<\/h3>\n                                    <div class=\"text\">Sat\u0131\u015flar\u0131n\u0131z\u0131 art\u0131rmak ve markan\u0131z\u0131n imaj\u0131n\u0131 geli\u015ftirmek i\u00e7in tasarlanm\u0131\u015f, \u0130stanbul\u2019daki deneyimli ekibimiz taraf\u0131ndan \u00e7ekilen y\u00fcksek kaliteli \u00fcr\u00fcn g\u00f6rselleri.\n<\/div>\n                                <\/div>\n                            <\/div>\n                            <!--Image Column-->\n                            <div class=\"image-col col-xl-6 col-lg-6 col-md-6 col-sm-12\">\n                                <div class=\"inner\">\n                                    <div class=\"image-layer\" style=\"background-image: url(https:\/\/atropena.com\/mtfotografajansi\/wp-content\/uploads\/2024\/07\/Tesbih-ve-Yuzuk-Fotograf-Cekimi-30.jpg);\"><\/div>\n                                    <figure class=\"image\"><img decoding=\"async\" src=\"https:\/\/atropena.com\/mtfotografajansi\/wp-content\/uploads\/2024\/07\/Tesbih-ve-Yuzuk-Fotograf-Cekimi-30.jpg\" alt=\"Image\"><\/figure>\n                                    <a href=\"\" class=\"overlink\"><\/a>\n                                <\/div>\n                            <\/div>\n                        <\/div>\n                    <\/div>\n                <\/div>\n                \t\t\t\t\n                \t\t\t\t\n\t\t\t\t\t\t\t\t\n                <div class=\"service-block-three col-xl-6 col-lg-12 col-md-12\">\n                    <div class=\"inner-box\">\n                        <div class=\"row clearfix\">\n                            <!--Text Column-->\n                            <div class=\"text-col col-xl-6 col-lg-6 col-md-6 col-sm-12\">\n                                <div class=\"inner\">\n                                    <div class=\"icon\"><span class=\"icon flaticon-paint-brush\"><\/span><\/div>\n                                    <div class=\"count\">02<\/div>\n                                    <h3>Marka Geli\u015ftirme<\/h3>\n                                    <div class=\"text\"> Marka varl\u0131\u011f\u0131n\u0131z\u0131 geli\u015ftirmek ve m\u00fc\u015fterileriniz \u00fczerinde kal\u0131c\u0131 bir izlenim b\u0131rakarak etkile\u015fimi ve \u00e7ekicili\u011fi art\u0131rmak i\u00e7in haz\u0131rlanm\u0131\u015f \u00e7arp\u0131c\u0131 g\u00f6rseller.\n\n<\/div>\n                                <\/div>\n                            <\/div>\n                            <!--Image Column-->\n                            <div class=\"image-col col-xl-6 col-lg-6 col-md-6 col-sm-12\">\n                                <div class=\"inner\">\n                                    <div class=\"image-layer\" style=\"background-image: url(https:\/\/atropena.com\/mtfotografajansi\/wp-content\/uploads\/2024\/07\/CantaCuzdan-Ve-Kemer-Fotograf-Cekimi-4-scaled.jpg);\"><\/div>\n                                    <figure class=\"image\"><img decoding=\"async\" src=\"https:\/\/atropena.com\/mtfotografajansi\/wp-content\/uploads\/2024\/07\/CantaCuzdan-Ve-Kemer-Fotograf-Cekimi-4-scaled.jpg\" alt=\"Image\"><\/figure>\n                                    <a href=\"\" class=\"overlink\"><\/a>\n                                <\/div>\n                            <\/div>\n                        <\/div>\n                    <\/div>\n                <\/div>\n                \t\t\t\t\n                \t\t\t\t\n\t\t\t\t\t\t\t\t<div class=\"service-block-three alternate col-xl-6 col-lg-12 col-md-12\">\n                    <div class=\"inner-box\">\n                        <div class=\"row clearfix\">\n                            <!--Image Column-->\n                            <div class=\"image-col col-xl-6 col-lg-6 col-md-6 col-sm-12\">\n                                <div class=\"inner\">\n                                    <div class=\"image-layer\" style=\"background-image: url(https:\/\/atropena.com\/mtfotografajansi\/wp-content\/uploads\/2024\/07\/Saat-Fotograf-Cekimi-32.jpg);\"><\/div>\n                                    <figure class=\"image\"><img decoding=\"async\" src=\"https:\/\/atropena.com\/mtfotografajansi\/wp-content\/uploads\/2024\/07\/Saat-Fotograf-Cekimi-32.jpg\" alt=\"Image\"><\/figure>\n                                    <a href=\"\" class=\"overlink\"><\/a>\n                                <\/div>\n                            <\/div>\n                            <!--Text Column-->\n                            <div class=\"text-col col-xl-6 col-lg-6 col-md-6 col-sm-12\">\n                                <div class=\"inner\">\n                                    <div class=\"icon\"><span class=\"icon flaticon-vector\"><\/span><\/div>\n                                    <div class=\"count\">03<\/div>\n                                    <h3>G\u00f6r\u00fcnt\u00fc Dan\u0131\u015fmanl\u0131\u011f\u0131\n<\/h3>\n                                    <div class=\"text\">B\u00fcy\u00fcleyici g\u00f6r\u00fcnt\u00fcler yakalamada uzman foto\u011fraf\u00e7\u0131lar\u0131m\u0131z taraf\u0131ndan markan\u0131z\u0131n benzersiz ihtiya\u00e7lar\u0131n\u0131 kar\u015f\u0131layacak \u00f6zel g\u00f6rsel \u00e7\u00f6z\u00fcmler.\n<\/div>\n                                <\/div>\n                            <\/div>\n                        <\/div>\n                    <\/div>\n                <\/div>\n\t\t\t\t\t\t\t\t\n                \t\t\t\t\n\t\t\t\t\t\t\t\t<div class=\"service-block-three alternate col-xl-6 col-lg-12 col-md-12\">\n                    <div class=\"inner-box\">\n                        <div class=\"row clearfix\">\n                            <!--Image Column-->\n                            <div class=\"image-col col-xl-6 col-lg-6 col-md-6 col-sm-12\">\n                                <div class=\"inner\">\n                                    <div class=\"image-layer\" style=\"background-image: url(https:\/\/atropena.com\/mtfotografajansi\/wp-content\/uploads\/2024\/07\/Altin-Fotograf-Cekimi-16.jpg);\"><\/div>\n                                    <figure class=\"image\"><img decoding=\"async\" src=\"\" alt=\"Image\"><\/figure>\n                                    <a href=\"\" class=\"overlink\"><\/a>\n                                <\/div>\n                            <\/div>\n                            <!--Text Column-->\n                            <div class=\"text-col col-xl-6 col-lg-6 col-md-6 col-sm-12\">\n                                <div class=\"inner\">\n                                    <div class=\"icon\"><span class=\"icon flaticon-user-3\"><\/span><\/div>\n                                    <div class=\"count\">04<\/div>\n                                    <h3>G\u00f6r\u00fcnt\u00fc R\u00f6tu\u015flama\n<\/h3>\n                                    <div class=\"text\">\u00dcr\u00fcn foto\u011fraflar\u0131n\u0131z\u0131 hassasla\u015ft\u0131r\u0131p geli\u015ftirecek, kusursuz kalite ve \u00e7ekicilikle \u00f6ne \u00e7\u0131kmalar\u0131n\u0131 sa\u011flayacak profesyonel d\u00fczenleme hizmetleri.\n<\/div>\n                                <\/div>\n                            <\/div>\n                        <\/div>\n                    <\/div>\n                <\/div>\n\t\t\t\t\t\t\t\t\n                            <\/div>\n        <\/div>\n    <\/section>\n\t\t\t\t<\/div>\n\t\t\t\t<\/div>\n\t\t\t\t\t<\/div>\n\t\t<\/div>\n\t\t\t\t\t<\/div>\n\t\t<\/section>\n\t\t\t\t<section class=\"elementor-section elementor-top-section elementor-element elementor-element-44192c67 elementor-section-stretched elementor-section-full_width elementor-section-height-default elementor-section-height-default\" data-id=\"44192c67\" data-element_type=\"section\" data-settings=\"{&quot;stretch_section&quot;:&quot;section-stretched&quot;}\">\n\t\t\t\t\t\t<div class=\"elementor-container elementor-column-gap-no\">\n\t\t\t\t\t<div class=\"elementor-column elementor-col-100 elementor-top-column elementor-element elementor-element-7751557\" data-id=\"7751557\" data-element_type=\"column\">\n\t\t\t<div class=\"elementor-widget-wrap elementor-element-populated\">\n\t\t\t\t\t\t<div class=\"elementor-element elementor-element-238e9078 elementor-widget elementor-widget-callix_testimonials3\" data-id=\"238e9078\" data-element_type=\"widget\" data-widget_type=\"callix_testimonials3.default\">\n\t\t\t\t<div class=\"elementor-widget-container\">\n\t\t\t<section class=\" testimonial-section-two\">\n\t<div class=\"faded-text style-two\"><div class=\"f-text\"><span>FEEDBACK\n<\/span><\/div><\/div>\n\t<div class=\"auto-container\">\n\n\t\t<div class=\"row clearfix\">\n\t\t\t<!--Text Column-->\n\t\t\t<div class=\"text-column col-lg-6 col-md-12 col-sm-12\">\n\t\t\t\t<div class=\"inner\">\n\t\t\t\t\t<div class=\"sec-title-four left-aligned\">\n\t\t\t\t\t\t<div class=\"sub-title\">\nMT FOTO\u011eRAF AJANSI<\/div>\n\t\t\t\t\t\t<h2>KURUCUMUZDAN<\/h2>\n\t\t\t\t\t<\/div>\n\t\t\t\t\t<div class=\"content\">\n\t\t\t\t\t\t<div class=\"big-text\"><span>\u201c<\/span> \"MT Foto\u011fraf Ajans\u0131 olarak, yarat\u0131c\u0131 vizyonumuzu ve tecr\u00fcbeli ekibimizi bir araya getirerek, m\u00fc\u015fterilerimizin beklentilerini a\u015fan g\u00f6rsel i\u00e7erikler \u00fcretiyoruz.<span>\u201d<\/span><\/div>\n\t\t\t\t\t\t<div class=\"text\">MTFOTO\u011eRAFAJANSI Mustafa Ta\u015f\u00e7\u0131 taraf\u0131ndan kurulmu\u015ftur. Mustafa Ta\u015f\u00e7\u0131 foto\u011fraf\u00e7\u0131l\u0131k sekt\u00f6r\u00fcne 2003 y\u0131l\u0131nda \u00fcr\u00fcnlerin foto\u011fraf \u00e7ekimini yaparak amat\u00f6r olarak giri\u015f yapm\u0131\u015ft\u0131r. 2003 y\u0131l\u0131 ve devam\u0131nda aile \u015firketinde foto\u011fraf\u00e7\u0131l\u0131k, sat\u0131\u015f-pazarlama, foto\u011fraf bask\u0131 operat\u00f6rl\u00fc\u011f\u00fc, Adobe Photoshop CC Program serisi ile grafik \u00e7al\u0131\u015fmalar\u0131 yapmaya ba\u015flam\u0131\u015ft\u0131r. Uzun y\u0131llar \u00e7al\u0131\u015fmalar\u0131n\u0131 y\u00fcr\u00fctt\u00fckten sonra 2016 y\u0131l\u0131 itibari ile MTFOTO\u011eRAFAJANSI kurmu\u015ftur. 2016 y\u0131l\u0131ndan itibaren\nMTFOTO\u011eRAFAJANSI faaliyetlerine kendi profesyonel ekipman ve ekibi ile devam etmektedir.<\/div>\n\t\t\t\t\t\t<div class=\"info clearfix\">\n\t\t\t\t\t\t\t<div class=\"image\"><img decoding=\"async\" src=\"https:\/\/atropena.com\/mtfotografajansi\/wp-content\/uploads\/2024\/07\/Untitled-ada.jpg\" alt=\"Image\"><\/div>\n\t\t\t\t\t\t\t<div class=\"name\">Mustafa Ta\u015f\u00e7\u0131<\/div>\n\t\t\t\t\t\t\t<div class=\"designation\">FOUNDER\n<\/div>\n\t\t\t\t\t\t<\/div>\n\t\t\t\t\t<\/div>\n\t\t\t\t<\/div>\n\t\t\t<\/div>\n\t\t\t<!--Image Column-->\n\t\t\t<div class=\"image-column col-lg-6 col-md-12 col-sm-12\">\n\t\t\t\t<div class=\"inner\">\n\t\t\t\t\t<div class=\"image-box\">\n\t\t\t\t\t\t<figure class=\"image\"><img decoding=\"async\" src=\"https:\/\/atropena.com\/mtfotografajansi\/wp-content\/uploads\/2024\/07\/Life-Style-Fotograf-Cekimi-29.jpg\" alt=\"Image\"><\/figure>\n\t\t\t\t\t<\/div>\n\t\t\t\t<\/div>\n\t\t\t<\/div>\n\t\t<\/div>\n\t<\/div>\n<\/section>\n\t\t\t\t<\/div>\n\t\t\t\t<\/div>\n\t\t\t\t\t<\/div>\n\t\t<\/div>\n\t\t\t\t\t<\/div>\n\t\t<\/section>\n\t\t<div class=\"elementor-element elementor-element-624dfb9 e-con-full e-flex e-con e-parent\" data-id=\"624dfb9\" data-element_type=\"container\">\n\t\t\t\t<div class=\"elementor-element elementor-element-98eac68 elementor-widget elementor-widget-heading\" data-id=\"98eac68\" data-element_type=\"widget\" data-widget_type=\"heading.default\">\n\t\t\t\t<div class=\"elementor-widget-container\">\n\t\t\t<style>\/*! elementor - v3.23.0 - 25-07-2024 *\/\n.elementor-heading-title{padding:0;margin:0;line-height:1}.elementor-widget-heading .elementor-heading-title[class*=elementor-size-]>a{color:inherit;font-size:inherit;line-height:inherit}.elementor-widget-heading .elementor-heading-title.elementor-size-small{font-size:15px}.elementor-widget-heading .elementor-heading-title.elementor-size-medium{font-size:19px}.elementor-widget-heading .elementor-heading-title.elementor-size-large{font-size:29px}.elementor-widget-heading .elementor-heading-title.elementor-size-xl{font-size:39px}.elementor-widget-heading .elementor-heading-title.elementor-size-xxl{font-size:59px}<\/style><h2 class=\"elementor-heading-title elementor-size-default\">REFERANSLARIMIZ<\/h2>\t\t<\/div>\n\t\t\t\t<\/div>\n\t\t\t\t<\/div>\n\t\t<div class=\"elementor-element elementor-element-66a6c28 e-con-full e-flex e-con e-parent\" data-id=\"66a6c28\" data-element_type=\"container\">\n\t\t\t\t<div class=\"elementor-element elementor-element-c43c800 elementor-widget elementor-widget-image\" data-id=\"c43c800\" data-element_type=\"widget\" data-widget_type=\"image.default\">\n\t\t\t\t<div class=\"elementor-widget-container\">\n\t\t\t<style>\/*! elementor - v3.23.0 - 25-07-2024 *\/\n.elementor-widget-image{text-align:center}.elementor-widget-image a{display:inline-block}.elementor-widget-image a img[src$=\".svg\"]{width:48px}.elementor-widget-image img{vertical-align:middle;display:inline-block}<\/style>\t\t\t\t\t\t\t\t\t\t<img fetchpriority=\"high\" decoding=\"async\" width=\"1655\" height=\"927\" src=\"https:\/\/atropena.com\/mtfotografajansi\/wp-content\/uploads\/2024\/09\/Untitled-1-Kopyala-1.webp\" class=\"attachment-full size-full wp-image-1997\" alt=\"\" srcset=\"https:\/\/atropena.com\/mtfotografajansi\/wp-content\/uploads\/2024\/09\/Untitled-1-Kopyala-1.webp 1655w, https:\/\/atropena.com\/mtfotografajansi\/wp-content\/uploads\/2024\/09\/Untitled-1-Kopyala-1-300x168.webp 300w, https:\/\/atropena.com\/mtfotografajansi\/wp-content\/uploads\/2024\/09\/Untitled-1-Kopyala-1-1024x574.webp 1024w, https:\/\/atropena.com\/mtfotografajansi\/wp-content\/uploads\/2024\/09\/Untitled-1-Kopyala-1-768x430.webp 768w, https:\/\/atropena.com\/mtfotografajansi\/wp-content\/uploads\/2024\/09\/Untitled-1-Kopyala-1-1536x860.webp 1536w, https:\/\/atropena.com\/mtfotografajansi\/wp-content\/uploads\/2024\/09\/Untitled-1-Kopyala-1-600x336.webp 600w\" sizes=\"(max-width: 1655px) 100vw, 1655px\" \/>\t\t\t\t\t\t\t\t\t\t\t\t\t<\/div>\n\t\t\t\t<\/div>\n\t\t\t\t<\/div>\n\t\t\t\t<\/div>\n\t\t","protected":false},"excerpt":{"rendered":"<p>MT FOTO\u011eRAF AJANSI H\u0130ZMETLER\u0130M\u0130Z +90 532 153 34 96 +90 212 511 01 70 H\u0130ZMETLER\u0130M\u0130Z G\u00f6rsellerle Fark Yarat\u0131n MT Foto\u011fraf Ajans\u0131 olarak, yarat\u0131c\u0131 ve profesyonel foto\u011fraf\u00e7\u0131l\u0131k ve videografi hizmetleri sunuyoruz. Geni\u015f bir yelpazede sundu\u011fumuz hizmetlerle, m\u00fc\u015fterilerimizin her t\u00fcrl\u00fc g\u00f6rsel ihtiya\u00e7lar\u0131n\u0131 kar\u015f\u0131lamay\u0131 hedefliyoruz. 20+ YILLIK TECR\u00dcBE 01 \u00dcr\u00fcn Foto\u011fraf\u00e7\u0131l\u0131\u011f\u0131 Sat\u0131\u015flar\u0131n\u0131z\u0131 art\u0131rmak ve markan\u0131z\u0131n imaj\u0131n\u0131 geli\u015ftirmek i\u00e7in [&hellip;]<\/p>\n","protected":false},"author":1,"featured_media":0,"parent":0,"menu_order":0,"comment_status":"closed","ping_status":"closed","template":"tpl-default-elementor.php","meta":{"_joinchat":[],"footnotes":""},"class_list":["post-1785","page","type-page","status-publish","hentry"],"_links":{"self":[{"href":"https:\/\/atropena.com\/mtfotografajansi\/wp-json\/wp\/v2\/pages\/1785","targetHints":{"allow":["GET"]}}],"collection":[{"href":"https:\/\/atropena.com\/mtfotografajansi\/wp-json\/wp\/v2\/pages"}],"about":[{"href":"https:\/\/atropena.com\/mtfotografajansi\/wp-json\/wp\/v2\/types\/page"}],"author":[{"embeddable":true,"href":"https:\/\/atropena.com\/mtfotografajansi\/wp-json\/wp\/v2\/users\/1"}],"replies":[{"embeddable":true,"href":"https:\/\/atropena.com\/mtfotografajansi\/wp-json\/wp\/v2\/comments?post=1785"}],"version-history":[{"count":55,"href":"https:\/\/atropena.com\/mtfotografajansi\/wp-json\/wp\/v2\/pages\/1785\/revisions"}],"predecessor-version":[{"id":2064,"href":"https:\/\/atropena.com\/mtfotografajansi\/wp-json\/wp\/v2\/pages\/1785\/revisions\/2064"}],"wp:attachment":[{"href":"https:\/\/atropena.com\/mtfotografajansi\/wp-json\/wp\/v2\/media?parent=1785"}],"curies":[{"name":"wp","href":"https:\/\/api.w.org\/{rel}","templated":true}]}}