{"id":1724,"date":"2024-07-28T03:13:29","date_gmt":"2024-07-28T00:13:29","guid":{"rendered":"https:\/\/atropena.com\/mtfotografajansi\/?page_id=1724"},"modified":"2024-09-04T22:30:50","modified_gmt":"2024-09-04T19:30:50","slug":"hakkimizda","status":"publish","type":"page","link":"https:\/\/atropena.com\/mtfotografajansi\/hakkimizda\/","title":{"rendered":"Hakk\u0131m\u0131zda"},"content":{"rendered":"\t\t<div data-elementor-type=\"wp-page\" data-elementor-id=\"1724\" class=\"elementor elementor-1724\">\n\t\t\t\t\t\t<section class=\"elementor-section elementor-top-section elementor-element elementor-element-4923f92a elementor-section-stretched elementor-section-full_width elementor-section-height-default elementor-section-height-default\" data-id=\"4923f92a\" data-element_type=\"section\" data-settings=\"{&quot;stretch_section&quot;:&quot;section-stretched&quot;}\">\n\t\t\t\t\t\t<div class=\"elementor-container elementor-column-gap-no\">\n\t\t\t\t\t<div class=\"elementor-column elementor-col-100 elementor-top-column elementor-element elementor-element-5580f7c1\" data-id=\"5580f7c1\" data-element_type=\"column\">\n\t\t\t<div class=\"elementor-widget-wrap elementor-element-populated\">\n\t\t\t\t\t\t<div class=\"elementor-element elementor-element-24fa2c5e elementor-widget elementor-widget-callix_theme_slider\" data-id=\"24fa2c5e\" data-element_type=\"widget\" data-widget_type=\"callix_theme_slider.default\">\n\t\t\t\t<div class=\"elementor-widget-container\">\n\t\t\t<section class=\" banner-section banner-one\">\n\t<div class=\"image-layer\" style=\"background-image: url(https:\/\/atropena.com\/mtfotografajansi\/wp-content\/uploads\/2024\/08\/D454D994-F7C7-4958-8238-2B61A6088B94.jpg);\"><\/div>\n\t<div class=\"auto-container\">\n\t\t<div class=\"content-box\">\n\t\t\t<div class=\"content clearfix\">\n\t\t\t\t<div class=\"inner\">\n\t\t\t\t\t<div class=\"services-title\">MT &nbsp;- &nbsp;Foto\u011fraf &nbsp;-&nbsp; Ajans\u0131<\/div>\n\t\t\t\t\t<h1>Hakk\u0131m\u0131zda<br><\/h1>\n\t\t\t\t<\/div>\n\t\t\t<\/div>\n\t\t<\/div>  \n\t<\/div>\n\t<div class=\"scroll-down\"><div class=\"scroll-to-target\" data-target=\"#scroll-section\"><span class=\"icon flaticon-right-arrow\"><\/span><\/div><\/div>\n<\/section>\n\t\t\t\t<\/div>\n\t\t\t\t<\/div>\n\t\t\t\t\t<\/div>\n\t\t<\/div>\n\t\t\t\t\t<\/div>\n\t\t<\/section>\n\t\t\t\t<section class=\"elementor-section elementor-top-section elementor-element elementor-element-2a8ee36f elementor-section-stretched elementor-section-full_width elementor-section-height-default elementor-section-height-default\" data-id=\"2a8ee36f\" data-element_type=\"section\" data-settings=\"{&quot;stretch_section&quot;:&quot;section-stretched&quot;}\">\n\t\t\t\t\t\t<div class=\"elementor-container elementor-column-gap-no\">\n\t\t\t\t\t<div class=\"elementor-column elementor-col-100 elementor-top-column elementor-element elementor-element-1544c777\" data-id=\"1544c777\" data-element_type=\"column\">\n\t\t\t<div class=\"elementor-widget-wrap elementor-element-populated\">\n\t\t\t\t\t\t<div class=\"elementor-element elementor-element-5430aa27 elementor-widget elementor-widget-callix_services\" data-id=\"5430aa27\" data-element_type=\"widget\" data-widget_type=\"callix_services.default\">\n\t\t\t\t<div class=\"elementor-widget-container\">\n\t\t\t<section class=\" services-section\" id=\"scroll-section\">\n        <div class=\"wow zoomIn faded-text light\"><div class=\"f-text\"><span>MOTTOLARIMIZ<\/span><\/div><\/div>\n        <div class=\"auto-container\">\n            <div class=\"sec-title light centered\">\n                <div class=\"sub-title\">MT FOTO\u011eRAF<\/div>\n                <h2>MOTTOLARIMIZ<\/h2>\n            <\/div>\n\n            <div class=\"row clearfix\">\n                \n\t\t\t\t\t\t\t\t\n                <div class=\"service-block col-lg-4 col-md-6 col-sm-12\">\n                    <div class=\"inner-box wow flipInY\" data-wow-delay=\"0ms\">\n                        <div class=\"hover-curve\"><\/div>\n                        <div class=\"bg-icon-box\"><span class=\"icon pe-7s-album\"><\/span><\/div>\n                        <div class=\"count\">\n01\n\n<\/div>\n                        <h3>Tutku ve Profesyonellik <\/h3>\n                        <div class=\"icon-box\"><span class=\"icon pe-7s-album\"><\/span><\/div>\n                        <div class=\"text\">MT Foto\u011fraf Ajans\u0131 olarak, her projeye duydu\u011fumuz tutku ve profesyonellik anlay\u0131\u015f\u0131m\u0131zla m\u00fc\u015fterilerimize en iyi hizmeti sunuyoruz.<\/div>\n                    <\/div>\n                <\/div>\n                \n\t\t\t\t\t\t\t\t\n                <div class=\"service-block col-lg-4 col-md-6 col-sm-12\">\n                    <div class=\"inner-box wow flipInY\" data-wow-delay=\"0ms\">\n                        <div class=\"hover-curve\"><\/div>\n                        <div class=\"bg-icon-box\"><span class=\"icon flaticon-video-camera\"><\/span><\/div>\n                        <div class=\"count\">02\n\n<\/div>\n                        <h3>\u0130lham Veren G\u00f6rsel Sanatlar<\/h3>\n                        <div class=\"icon-box\"><span class=\"icon flaticon-video-camera\"><\/span><\/div>\n                        <div class=\"text\">Teknik uzmanl\u0131\u011f\u0131m\u0131z\u0131 birle\u015ftirerek, g\u00f6rsel anlat\u0131m\u0131n g\u00fcc\u00fcn\u00fc ke\u015ffetmenize yard\u0131mc\u0131 oluyoruz.<\/div>\n                    <\/div>\n                <\/div>\n                \n\t\t\t\t\t\t\t\t\n                <div class=\"service-block col-lg-4 col-md-6 col-sm-12\">\n                    <div class=\"inner-box wow flipInY\" data-wow-delay=\"0ms\">\n                        <div class=\"hover-curve\"><\/div>\n                        <div class=\"bg-icon-box\"><span class=\"icon flaticon-bullhorn\"><\/span><\/div>\n                        <div class=\"count\">03\n\n<\/div>\n                        <h3>G\u00f6rsellerle Fark Yarat\u0131n<\/h3>\n                        <div class=\"icon-box\"><span class=\"icon flaticon-bullhorn\"><\/span><\/div>\n                        <div class=\"text\"> Yarat\u0131c\u0131 bak\u0131\u015f a\u00e7\u0131m\u0131z ve profesyonel ekibimizle, s\u0131radan\u0131n \u00f6tesine ge\u00e7erek dikkat \u00e7ekici ve etkileyici g\u00f6rsel i\u00e7erikler \u00fcretiyoruz.<\/div>\n                    <\/div>\n                <\/div>\n                \n\t\t\t\t            <\/div>\n        <\/div>\n    <\/section>\n\t\t\t\t<\/div>\n\t\t\t\t<\/div>\n\t\t\t\t\t<\/div>\n\t\t<\/div>\n\t\t\t\t\t<\/div>\n\t\t<\/section>\n\t\t\t\t<section class=\"elementor-section elementor-top-section elementor-element elementor-element-4b0145eb elementor-section-stretched elementor-section-full_width elementor-section-height-default elementor-section-height-default\" data-id=\"4b0145eb\" data-element_type=\"section\" data-settings=\"{&quot;stretch_section&quot;:&quot;section-stretched&quot;}\">\n\t\t\t\t\t\t<div class=\"elementor-container elementor-column-gap-no\">\n\t\t\t\t\t<div class=\"elementor-column elementor-col-100 elementor-top-column elementor-element elementor-element-68b73c3f\" data-id=\"68b73c3f\" data-element_type=\"column\">\n\t\t\t<div class=\"elementor-widget-wrap elementor-element-populated\">\n\t\t\t\t\t\t<div class=\"elementor-element elementor-element-3ac773c5 elementor-widget elementor-widget-callix_about\" data-id=\"3ac773c5\" data-element_type=\"widget\" data-widget_type=\"callix_about.default\">\n\t\t\t\t<div class=\"elementor-widget-container\">\n\t\t\t<section class=\" about-section\">\n\t<div class=\"auto-container\">\n\t\t<div class=\"row clearfix\">\n\t\t\t<!--Text Column-->\n\t\t\t<div class=\"text-column col-lg-5 col-md-12 col-sm-12\">\n\t\t\t\t<div class=\"inner wow fadeInLeft\">\n\t\t\t\t\t<div class=\"sec-title left-aligned\">\n\t\t\t\t\t\t<div class=\"sub-title\">Hakk\u0131m\u0131zda<\/div>\n\t\t\t\t\t\t<h2>Hikayemiz<\/h2>\n\t\t\t\t\t\t<div class=\"lower-text\">MTFOTO\u011eRAFAJANSI Mustafa Ta\u015f\u00e7\u0131 taraf\u0131ndan kurulmu\u015ftur. Mustafa Ta\u015f\u00e7\u0131 foto\u011fraf\u00e7\u0131l\u0131k sekt\u00f6r\u00fcne 2003 y\u0131l\u0131nda \u00fcr\u00fcnlerin foto\u011fraf \u00e7ekimini yaparak amat\u00f6r olarak giri\u015f yapm\u0131\u015ft\u0131r. 2003 y\u0131l\u0131 ve devam\u0131nda aile \u015firketinde foto\u011fraf\u00e7\u0131l\u0131k, sat\u0131\u015f-pazarlama, foto\u011fraf bask\u0131 operat\u00f6rl\u00fc\u011f\u00fc, Adobe Photoshop CC Program serisi ile grafik \u00e7al\u0131\u015fmalar\u0131 yapmaya ba\u015flam\u0131\u015ft\u0131r. Uzun y\u0131llar \u00e7al\u0131\u015fmalar\u0131n\u0131 y\u00fcr\u00fctt\u00fckten sonra 2016 y\u0131l\u0131 itibari ile MTFOTO\u011eRAFAJANSI kurmu\u015ftur. 2016 y\u0131l\u0131ndan itibaren\nMTFOTO\u011eRAFAJANSI faaliyetlerine kendi profesyonel ekipman ve ekibi ile devam etmektedir.<\/div>\n\t\t\t\t\t\t<div class=\"link-box\">\n\t\t\t\t\t\t\t<a href=\"https:\/\/atropena.com\/mtfotografajansi\/iletisim\/\" class=\"theme-btn btn-style-one\"><span class=\"btn-title\">Telefon : +90 532 153 34 96<\/span><\/a>\n\t\t\t\t\t\t<\/div>\n\t\t\t\t\t<\/div>\n\t\t\t\t<\/div>\n\t\t\t<\/div>\n\t\t\t<!--Image Column-->\n\t\t\t<div class=\"image-column col-lg-7 col-md-12 col-sm-12\">\n\t\t\t\t<div class=\"inner\">\n\t\t\t\t\t<figure class=\"image wow fadeInRight\">\n\t\t\t\t\t\t<img decoding=\"async\" src=\"https:\/\/old4.commonsupport.com\/callix\/wp-content\/uploads\/2020\/06\/featured-image-1.jpg\" alt=\"Image\">\n\t\t\t\t\t\t<a href=\"https:\/\/atropena.com\/mtfotografajansi\/iletisim\/\" class=\"over-link lightbox-image\"><span class=\"icon flaticon-ui\"><\/span><\/a>\n\t\t\t\t\t<\/figure>\n\t\t\t\t<\/div>\n\t\t\t<\/div>\n\t\t<\/div>\n\t<\/div>\n<\/section>\n\t\t\t\t<\/div>\n\t\t\t\t<\/div>\n\t\t\t\t\t<\/div>\n\t\t<\/div>\n\t\t\t\t\t<\/div>\n\t\t<\/section>\n\t\t\t\t<section class=\"elementor-section elementor-top-section elementor-element elementor-element-7e9ded12 elementor-section-stretched elementor-section-full_width elementor-section-height-default elementor-section-height-default\" data-id=\"7e9ded12\" data-element_type=\"section\" data-settings=\"{&quot;stretch_section&quot;:&quot;section-stretched&quot;}\">\n\t\t\t\t\t\t<div class=\"elementor-container elementor-column-gap-no\">\n\t\t\t\t\t<div class=\"elementor-column elementor-col-100 elementor-top-column elementor-element elementor-element-1328e3a0\" data-id=\"1328e3a0\" data-element_type=\"column\">\n\t\t\t<div class=\"elementor-widget-wrap\">\n\t\t\t\t\t\t\t<\/div>\n\t\t<\/div>\n\t\t\t\t\t<\/div>\n\t\t<\/section>\n\t\t\t\t<section class=\"elementor-section elementor-top-section elementor-element elementor-element-54e65f5a elementor-section-stretched elementor-section-full_width elementor-section-height-default elementor-section-height-default\" data-id=\"54e65f5a\" data-element_type=\"section\" data-settings=\"{&quot;stretch_section&quot;:&quot;section-stretched&quot;}\">\n\t\t\t\t\t\t<div class=\"elementor-container elementor-column-gap-no\">\n\t\t\t\t\t<div class=\"elementor-column elementor-col-100 elementor-top-column elementor-element elementor-element-e8177ef\" data-id=\"e8177ef\" data-element_type=\"column\">\n\t\t\t<div class=\"elementor-widget-wrap elementor-element-populated\">\n\t\t\t\t\t\t<div class=\"elementor-element elementor-element-71d1da3d elementor-widget elementor-widget-callix_why_choose\" data-id=\"71d1da3d\" data-element_type=\"widget\" data-widget_type=\"callix_why_choose.default\">\n\t\t\t\t<div class=\"elementor-widget-container\">\n\t\t\t<section class=\" why-choose-section\">\n\t<div class=\"auto-container\">\n\n\t\t<div class=\"row clearfix\">\n\t\t\t<!--Text Column-->\n\t\t\t<div class=\"text-column col-lg-6 col-md-12 col-sm-12\">\n\t\t\t\t<div class=\"inner\">\n\t\t\t\t\t<div class=\"sec-title left-aligned\">\n\t\t\t\t\t\t<div class=\"sub-title\">MT FOTO\u011eRAF<\/div>\n\t\t\t\t\t\t<h2>\u0130lham Veren G\u00f6rsel Sanatlar<\/h2>\n\t\t\t\t\t<\/div>\n\t\t\t\t\t<div class=\"text-content\">\n\t\t\t\t\t\t\n\t\t\t\t\t\t\t\t\t\t\t\t\n\t\t\t\t\t\t<div class=\"text-block\">\n\t\t\t\t\t\t\t<div class=\"title\">\n\t\t\t\t\t\t\t\t<h4>Vizyonumuz<\/h4>\n\t\t\t\t\t\t\t<\/div>\n\t\t\t\t\t\t\t<div class=\"icon\"><span class=\"icon flaticon-display\"><\/span><\/div>\n\t\t\t\t\t\t\t<div class=\"text\">Her g\u00fcn daha da geli\u015fmekte olan teknolojiyi ve g\u00fcn\u00fcm\u00fcz \u00e7a\u011fda\u015f yeniliklerini takip ederek firma olarak kendimizi ve ekibimizi s\u00fcrekli zinde tutarak, daha geni\u015f sekt\u00f6rlere, kitlelere hitap edecek \u015fekilde hedefleyerek ilerlemekteyiz. \nSiz de\u011ferli firma sahiplerimizden gelen t\u00fcm yorumlar\u0131 dikkate alarak kendimizi daha ileriye g\u00f6t\u00fcrebilecek d\u00fc\u015f\u00fcncelerle yenileyip daha ba\u015far\u0131l\u0131 olmak i\u00e7in \u00e7al\u0131\u015fmaktay\u0131z.<\/div>\n\t\t\t\t\t\t<\/div>\n\t\t\t\t\t\t\n\t\t\t\t\t\t\t\t\t\t\t\t\n\t\t\t\t\t\t<div class=\"text-block\">\n\t\t\t\t\t\t\t<div class=\"title\">\n\t\t\t\t\t\t\t\t<h4>Misyonumuz\n<\/h4>\n\t\t\t\t\t\t\t<\/div>\n\t\t\t\t\t\t\t<div class=\"icon\"><span class=\"icon flaticon-art\"><\/span><\/div>\n\t\t\t\t\t\t\t<div class=\"text\">G\u00fcn\u00fcm\u00fcz teknolojisine, ko\u015fullar\u0131na ve geli\u015fen yeniliklerine ba\u011fl\u0131 olarak profesyonel ekip ve ekipmanlar\u0131m\u0131zla sizlere hizmet vermekteyiz.\nBizimle \u00e7al\u0131\u015fmakta olan ve \u00e7al\u0131\u015fmak isteyen her firma ve her \u00fcr\u00fcn piyasa kalitesi fark etmeksizin, bizim i\u00e7in en de\u011ferli \u00fcr\u00fcnler olarak de\u011ferlendirilip sat\u0131\u015fta sonu\u00e7 al\u0131nabilmesi i\u00e7in t\u00fcm ayr\u0131cal\u0131klar\u0131yla foto\u011fraf \u00e7ekimlerini profesyonel ve en etkin \u00e7\u00f6z\u00fcmlerle sizler i\u00e7in haz\u0131rl\u0131yoruz.\nBurada \u00f6nemli olan sadece foto\u011fraf \u00e7ekmek de\u011fil. As\u0131l \u00f6nemli olan \u00fcr\u00fcn\u00fc kaliteli, anla\u015f\u0131l\u0131r ve do\u011fru bir \u015fekilde sizlere sunmakt\u0131r. Foto\u011frafa bu bak\u0131\u015f a\u00e7\u0131s\u0131 ile online al\u0131\u015fveri\u015f sitelerine ve katalog vitrinlerine haz\u0131rlamaktay\u0131z.<\/div>\n\t\t\t\t\t\t<\/div>\n\t\t\t\t\t\t\n\t\t\t\t\t\t\t\t\t\t\t<\/div>\n\t\t\t\t<\/div>\n\t\t\t<\/div>\n\t\t\t<!--Image Column-->\n\t\t\t<div class=\"image-column col-lg-6 col-md-12 col-sm-12\">\n\t\t\t\t<div class=\"inner clearfix\">\n\t\t\t\t\t<figure class=\"image paroller\"\n\t\t\t\t\t\t\tdata-paroller-factor=\"-0.05\"\n\t\t\t\t\t\t\tdata-paroller-factor-lg=\"-0.05\"\n\t\t\t\t\t\t\tdata-paroller-factor-md=\"-0.05\"\n\t\t\t\t\t\t\tdata-paroller-factor-sm=\"-0.05\"\n\t\t\t\t\t\t\tdata-paroller-type=\"foreground\"\n\t\t\t\t\t\t\tdata-paroller-direction=\"horizontal\"><img decoding=\"async\" src=\"https:\/\/old4.commonsupport.com\/callix\/wp-content\/uploads\/2020\/06\/featured-image-3.jpg\" alt=\"Image\"><\/figure>\n\t\t\t\t\t<figure class=\"image paroller\"\n\t\t\t\t\t\t\tdata-paroller-factor=\"0.05\"\n\t\t\t\t\t\t\tdata-paroller-factor-lg=\"0.05\"\n\t\t\t\t\t\t\tdata-paroller-factor-md=\"0.05\"\n\t\t\t\t\t\t\tdata-paroller-factor-sm=\"0.05\"\n\t\t\t\t\t\t\tdata-paroller-type=\"foreground\"\n\t\t\t\t\t\t\tdata-paroller-direction=\"horizontal\"><img decoding=\"async\" src=\"https:\/\/old4.commonsupport.com\/callix\/wp-content\/uploads\/2020\/06\/featured-image-4.jpg\" alt=\"Image\"><\/figure>\n\t\t\t\t<\/div>\n\t\t\t<\/div>\n\t\t<\/div>\n\t<\/div>\n<\/section>\n\t\t\t\t<\/div>\n\t\t\t\t<\/div>\n\t\t\t\t\t<\/div>\n\t\t<\/div>\n\t\t\t\t\t<\/div>\n\t\t<\/section>\n\t\t<div class=\"elementor-element elementor-element-4bdce4b e-flex e-con-boxed e-con e-parent\" data-id=\"4bdce4b\" data-element_type=\"container\">\n\t\t\t\t\t<div class=\"e-con-inner\">\n\t\t\t\t<div class=\"elementor-element elementor-element-18a962a elementor-widget elementor-widget-heading\" data-id=\"18a962a\" data-element_type=\"widget\" data-widget_type=\"heading.default\">\n\t\t\t\t<div class=\"elementor-widget-container\">\n\t\t\t<style>\/*! elementor - v3.23.0 - 25-07-2024 *\/\n.elementor-heading-title{padding:0;margin:0;line-height:1}.elementor-widget-heading .elementor-heading-title[class*=elementor-size-]>a{color:inherit;font-size:inherit;line-height:inherit}.elementor-widget-heading .elementor-heading-title.elementor-size-small{font-size:15px}.elementor-widget-heading .elementor-heading-title.elementor-size-medium{font-size:19px}.elementor-widget-heading .elementor-heading-title.elementor-size-large{font-size:29px}.elementor-widget-heading .elementor-heading-title.elementor-size-xl{font-size:39px}.elementor-widget-heading .elementor-heading-title.elementor-size-xxl{font-size:59px}<\/style><h2 class=\"elementor-heading-title elementor-size-default\">REFERANSLARIMIZ<\/h2>\t\t<\/div>\n\t\t\t\t<\/div>\n\t\t\t\t\t<\/div>\n\t\t\t\t<\/div>\n\t\t<div class=\"elementor-element elementor-element-d5c7616 e-con-full e-flex e-con e-parent\" data-id=\"d5c7616\" data-element_type=\"container\">\n\t\t\t\t<div class=\"elementor-element elementor-element-618895d elementor-widget elementor-widget-image\" data-id=\"618895d\" data-element_type=\"widget\" data-widget_type=\"image.default\">\n\t\t\t\t<div class=\"elementor-widget-container\">\n\t\t\t<style>\/*! elementor - v3.23.0 - 25-07-2024 *\/\n.elementor-widget-image{text-align:center}.elementor-widget-image a{display:inline-block}.elementor-widget-image a img[src$=\".svg\"]{width:48px}.elementor-widget-image img{vertical-align:middle;display:inline-block}<\/style>\t\t\t\t\t\t\t\t\t\t<img fetchpriority=\"high\" decoding=\"async\" width=\"1655\" height=\"927\" src=\"https:\/\/atropena.com\/mtfotografajansi\/wp-content\/uploads\/2024\/09\/Untitled-1-Kopyala-1.webp\" class=\"attachment-full size-full wp-image-1997\" alt=\"\" srcset=\"https:\/\/atropena.com\/mtfotografajansi\/wp-content\/uploads\/2024\/09\/Untitled-1-Kopyala-1.webp 1655w, https:\/\/atropena.com\/mtfotografajansi\/wp-content\/uploads\/2024\/09\/Untitled-1-Kopyala-1-300x168.webp 300w, https:\/\/atropena.com\/mtfotografajansi\/wp-content\/uploads\/2024\/09\/Untitled-1-Kopyala-1-1024x574.webp 1024w, https:\/\/atropena.com\/mtfotografajansi\/wp-content\/uploads\/2024\/09\/Untitled-1-Kopyala-1-768x430.webp 768w, https:\/\/atropena.com\/mtfotografajansi\/wp-content\/uploads\/2024\/09\/Untitled-1-Kopyala-1-1536x860.webp 1536w, https:\/\/atropena.com\/mtfotografajansi\/wp-content\/uploads\/2024\/09\/Untitled-1-Kopyala-1-600x336.webp 600w\" sizes=\"(max-width: 1655px) 100vw, 1655px\" \/>\t\t\t\t\t\t\t\t\t\t\t\t\t<\/div>\n\t\t\t\t<\/div>\n\t\t\t\t<\/div>\n\t\t\t\t<section class=\"elementor-section elementor-top-section elementor-element elementor-element-73de2d79 elementor-section-stretched elementor-section-full_width elementor-section-height-default elementor-section-height-default\" data-id=\"73de2d79\" data-element_type=\"section\" data-settings=\"{&quot;stretch_section&quot;:&quot;section-stretched&quot;}\">\n\t\t\t\t\t\t<div class=\"elementor-container elementor-column-gap-no\">\n\t\t\t\t\t<div class=\"elementor-column elementor-col-100 elementor-top-column elementor-element elementor-element-34ab7fea\" data-id=\"34ab7fea\" data-element_type=\"column\">\n\t\t\t<div class=\"elementor-widget-wrap elementor-element-populated\">\n\t\t\t\t\t\t<div class=\"elementor-element elementor-element-19317df1 elementor-widget elementor-widget-callix_calltoaction\" data-id=\"19317df1\" data-element_type=\"widget\" data-widget_type=\"callix_calltoaction.default\">\n\t\t\t\t<div class=\"elementor-widget-container\">\n\t\t\t<section class=\" call-to-section\">\n        <div class=\"bubble-dotted\">\n            <span class=\"dotted dotted-1\"><\/span>\n            <span class=\"dotted dotted-2\"><\/span>\n            <span class=\"dotted dotted-3\"><\/span>\n            <span class=\"dotted dotted-4\"><\/span>\n            <span class=\"dotted dotted-5\"><\/span>\n            <span class=\"dotted dotted-6\"><\/span>\n            <span class=\"dotted dotted-7\"><\/span>\n            <span class=\"dotted dotted-8\"><\/span>\n            <span class=\"dotted dotted-9\"><\/span>\n            <span class=\"dotted dotted-10\"><\/span>\n        <\/div>\n        <div class=\"auto-container\">\n            <div class=\"content\">\n                <div class=\"sub-title\">MT FOTO\u011eRAF AJANSI\n<\/div>\n                <h2>\u0130LET\u0130\u015e\u0130ME GE\u00c7EL\u0130M\n<\/h2>\n                <div class=\"link-box\">\n                    <a href=\"https:\/\/atropena.com\/mtfotografajansi\/iletisim\/\" class=\"theme-btn btn-style-two\"><span class=\"btn-title wow fadeInLeft\" data-wow-delay=\"0ms\"><span class=\"icon flaticon-briefcase\"><\/span>  +90 532 153 34 96  <\/span><\/a>\n                    <a href=\"https:\/\/atropena.com\/mtfotografajansi\/iletisim\/\" class=\"theme-btn btn-style-one\"><span class=\"btn-title wow fadeInRight\" data-wow-delay=\"0ms\">+90 212 511 01 70<\/span><\/a>\n                <\/div>\n            <\/div>\n        <\/div>\n    <\/section>\n\t\t\t\t<\/div>\n\t\t\t\t<\/div>\n\t\t\t\t\t<\/div>\n\t\t<\/div>\n\t\t\t\t\t<\/div>\n\t\t<\/section>\n\t\t\t\t<\/div>\n\t\t","protected":false},"excerpt":{"rendered":"<p>MT &nbsp;&#8211; &nbsp;Foto\u011fraf &nbsp;&#8211;&nbsp; Ajans\u0131 Hakk\u0131m\u0131zda MOTTOLARIMIZ MT FOTO\u011eRAF MOTTOLARIMIZ 01 Tutku ve Profesyonellik MT Foto\u011fraf Ajans\u0131 olarak, her projeye duydu\u011fumuz tutku ve profesyonellik anlay\u0131\u015f\u0131m\u0131zla m\u00fc\u015fterilerimize en iyi hizmeti sunuyoruz. 02 \u0130lham Veren G\u00f6rsel Sanatlar Teknik uzmanl\u0131\u011f\u0131m\u0131z\u0131 birle\u015ftirerek, g\u00f6rsel anlat\u0131m\u0131n g\u00fcc\u00fcn\u00fc ke\u015ffetmenize yard\u0131mc\u0131 oluyoruz. 03 G\u00f6rsellerle Fark Yarat\u0131n Yarat\u0131c\u0131 bak\u0131\u015f a\u00e7\u0131m\u0131z ve profesyonel ekibimizle, s\u0131radan\u0131n [&hellip;]<\/p>\n","protected":false},"author":1,"featured_media":0,"parent":0,"menu_order":0,"comment_status":"closed","ping_status":"closed","template":"tpl-default-elementor.php","meta":{"_joinchat":[],"footnotes":""},"class_list":["post-1724","page","type-page","status-publish","hentry"],"_links":{"self":[{"href":"https:\/\/atropena.com\/mtfotografajansi\/wp-json\/wp\/v2\/pages\/1724","targetHints":{"allow":["GET"]}}],"collection":[{"href":"https:\/\/atropena.com\/mtfotografajansi\/wp-json\/wp\/v2\/pages"}],"about":[{"href":"https:\/\/atropena.com\/mtfotografajansi\/wp-json\/wp\/v2\/types\/page"}],"author":[{"embeddable":true,"href":"https:\/\/atropena.com\/mtfotografajansi\/wp-json\/wp\/v2\/users\/1"}],"replies":[{"embeddable":true,"href":"https:\/\/atropena.com\/mtfotografajansi\/wp-json\/wp\/v2\/comments?post=1724"}],"version-history":[{"count":28,"href":"https:\/\/atropena.com\/mtfotografajansi\/wp-json\/wp\/v2\/pages\/1724\/revisions"}],"predecessor-version":[{"id":2061,"href":"https:\/\/atropena.com\/mtfotografajansi\/wp-json\/wp\/v2\/pages\/1724\/revisions\/2061"}],"wp:attachment":[{"href":"https:\/\/atropena.com\/mtfotografajansi\/wp-json\/wp\/v2\/media?parent=1724"}],"curies":[{"name":"wp","href":"https:\/\/api.w.org\/{rel}","templated":true}]}}