{"id":1087,"date":"2021-02-17T10:39:40","date_gmt":"2021-02-17T10:39:40","guid":{"rendered":"http:\/\/old4.commonsupport.com\/callix\/?page_id=1087"},"modified":"2024-09-04T22:19:50","modified_gmt":"2024-09-04T19:19:50","slug":"iletisim","status":"publish","type":"page","link":"https:\/\/atropena.com\/mtfotografajansi\/iletisim\/","title":{"rendered":"\u0130leti\u015fim"},"content":{"rendered":"\t\t<div data-elementor-type=\"wp-page\" data-elementor-id=\"1087\" class=\"elementor elementor-1087\">\n\t\t\t\t\t\t<section class=\"elementor-section elementor-top-section elementor-element elementor-element-de86086 elementor-section-stretched elementor-section-full_width elementor-section-height-default elementor-section-height-default\" data-id=\"de86086\" data-element_type=\"section\" data-settings=\"{&quot;stretch_section&quot;:&quot;section-stretched&quot;}\">\n\t\t\t\t\t\t<div class=\"elementor-container elementor-column-gap-no\">\n\t\t\t\t\t<div class=\"elementor-column elementor-col-100 elementor-top-column elementor-element elementor-element-af79a80\" data-id=\"af79a80\" data-element_type=\"column\">\n\t\t\t<div class=\"elementor-widget-wrap elementor-element-populated\">\n\t\t\t\t\t\t<div class=\"elementor-element elementor-element-3ecc0a9 elementor-widget elementor-widget-callix_contact_h3\" data-id=\"3ecc0a9\" data-element_type=\"widget\" data-widget_type=\"callix_contact_h3.default\">\n\t\t\t\t<div class=\"elementor-widget-container\">\n\t\t\t<section class=\" info-section\">\n        <div class=\"bubble-dotted\">\n            <span class=\"dotted dotted-1\"><\/span>\n            <span class=\"dotted dotted-2\"><\/span>\n            <span class=\"dotted dotted-3\"><\/span>\n            <span class=\"dotted dotted-4\"><\/span>\n            <span class=\"dotted dotted-5\"><\/span>\n            <span class=\"dotted dotted-6\"><\/span>\n            <span class=\"dotted dotted-7\"><\/span>\n            <span class=\"dotted dotted-8\"><\/span>\n            <span class=\"dotted dotted-9\"><\/span>\n            <span class=\"dotted dotted-10\"><\/span>\n        <\/div>\n        <div class=\"image-layer\" style=\"background-image: url(https:\/\/old4.commonsupport.com\/callix\/wp-content\/uploads\/2020\/06\/image-5.jpg);\"><\/div>\n        <div class=\"wow zoomIn faded-text style-two light\"><div class=\"f-text\"><span>CONTACT<\/span><\/div><\/div>\n        <div class=\"auto-container\">\n            <div class=\"sec-title-three light centered\">\n                <div class=\"sub-title\">MT FOTO\u011eRAF AJANSI<\/div>\n                <h2><\/h2>\n            <\/div>\n            <div class=\"info\">\n                <div class=\"row clearfix\">\n                    \n\t\t\t\t\t\t\t\t\t\t\n                    <div class=\"info-box col-xl-3 col-lg-6 col-md-6 col-sm-12\">\n                        <div class=\"inner hvr-bob\">\n                            <div class=\"icon-box\"><span class=\"icon flaticon-call\"><\/span><\/div>\n                            <h4>TELEFON<\/h4>\n                            <ul>\n                                <li><a href=\"\">+90 532 153 34 96\n <\/a><\/li>\n                                <li><a href=\"\">+90 212 511 01 70<\/a><\/li>\n                            <\/ul>\n                        <\/div>\n                    <\/div>\n                    \n\t\t\t\t\t\t\t\t\t\t\n                    <div class=\"info-box col-xl-3 col-lg-6 col-md-6 col-sm-12\">\n                        <div class=\"inner hvr-bob\">\n                            <div class=\"icon-box\"><span class=\"icon flaticon-envelope-1\"><\/span><\/div>\n                            <h4>E-MAIL\n<\/h4>\n                            <ul>\n                                <li><a href=\"\"><\/a><\/li>\n                                <li><a href=\"\">mtfotografajansi@gmail.com\n<\/a><\/li>\n                            <\/ul>\n                        <\/div>\n                    <\/div>\n                    \n\t\t\t\t\t\t\t\t\t\t\n                    <div class=\"info-box col-xl-3 col-lg-6 col-md-6 col-sm-12\">\n                        <div class=\"inner hvr-bob\">\n                            <div class=\"icon-box\"><span class=\"icon flaticon-worldwide-1\"><\/span><\/div>\n                            <h4>MERKEZ OF\u0130S ADRES<\/h4>\n                            <ul>\n                                <li><a href=\"\">Hobyar Mahallesi, Zahire Borsas\u0131 Sk. No: 4\/15<\/a><\/li>\n                                <li><a href=\"\"><\/a><\/li>\n                            <\/ul>\n                        <\/div>\n                    <\/div>\n                    \n\t\t\t\t\t\t\t\t\t\t\n                    <div class=\"info-box col-xl-3 col-lg-6 col-md-6 col-sm-12\">\n                        <div class=\"inner hvr-bob\">\n                            <div class=\"icon-box\"><span class=\"icon flaticon-worldwide-1\"><\/span><\/div>\n                            <h4>London Office<\/h4>\n                            <ul>\n                                <li><a href=\"\">Greenford, London UB6 <\/a><\/li>\n                                <li><a href=\"\">+44 7949086000<\/a><\/li>\n                            <\/ul>\n                        <\/div>\n                    <\/div>\n                    \n\t\t\t\t\t                <\/div>\n            <\/div>\n\n            <div class=\"call-to-box\">\n                <div class=\"sec-title-three light centered\">\n                    <div class=\"sub-title\"><\/div>\n                    <h2>\u0130LET\u0130\u015e\u0130ME GE\u00c7EL\u0130M<\/h2>\n                    <div class=\"link-box clearfix\">\n                        <a href=\"\" class=\"theme-btn btn-style-three\"><span class=\"btn-title\">+90 212 511 01 70 \/ +90 532 153 34 96<\/span><\/a>\n                    <\/div>\n                <\/div>\n            <\/div>\n\n        <\/div>\n    <\/section>\n\t\t\t\t<\/div>\n\t\t\t\t<\/div>\n\t\t\t\t\t<\/div>\n\t\t<\/div>\n\t\t\t\t\t<\/div>\n\t\t<\/section>\n\t\t<div class=\"elementor-element elementor-element-380cbd7 e-con-full e-flex e-con e-parent\" data-id=\"380cbd7\" data-element_type=\"container\">\n\t\t\t\t<div class=\"elementor-element elementor-element-4e1e202 elementor-widget elementor-widget-google_maps\" data-id=\"4e1e202\" data-element_type=\"widget\" data-widget_type=\"google_maps.default\">\n\t\t\t\t<div class=\"elementor-widget-container\">\n\t\t\t<style>\/*! elementor - v3.23.0 - 25-07-2024 *\/\n.elementor-widget-google_maps .elementor-widget-container{overflow:hidden}.elementor-widget-google_maps .elementor-custom-embed{line-height:0}.elementor-widget-google_maps iframe{height:300px}<\/style>\t\t<div class=\"elementor-custom-embed\">\n\t\t\t<iframe loading=\"lazy\"\n\t\t\t\t\tsrc=\"https:\/\/maps.google.com\/maps?q=Hobyar%2C%20Zahire%20Borsas%C4%B1%20Sk.%20No%3A4%20D%3A15%2C%2034112%20Fatih%2F%C4%B0stanbul&#038;t=m&#038;z=10&#038;output=embed&#038;iwloc=near\"\n\t\t\t\t\ttitle=\"Hobyar, Zahire Borsas\u0131 Sk. No:4 D:15, 34112 Fatih\/\u0130stanbul\"\n\t\t\t\t\taria-label=\"Hobyar, Zahire Borsas\u0131 Sk. No:4 D:15, 34112 Fatih\/\u0130stanbul\"\n\t\t\t><\/iframe>\n\t\t<\/div>\n\t\t\t\t<\/div>\n\t\t\t\t<\/div>\n\t\t\t\t<\/div>\n\t\t\t\t<\/div>\n\t\t","protected":false},"excerpt":{"rendered":"<p>CONTACT MT FOTO\u011eRAF AJANSI TELEFON +90 532 153 34 96 +90 212 511 01 70 E-MAIL mtfotografajansi@gmail.com MERKEZ OF\u0130S ADRES Hobyar Mahallesi, Zahire Borsas\u0131 Sk. No: 4\/15 London Office Greenford, London UB6 +44 7949086000 \u0130LET\u0130\u015e\u0130ME GE\u00c7EL\u0130M +90 212 511 01 70 \/ +90 532 153 34 96<\/p>\n","protected":false},"author":1,"featured_media":0,"parent":0,"menu_order":0,"comment_status":"closed","ping_status":"closed","template":"tpl-default-elementor.php","meta":{"_joinchat":[],"footnotes":""},"class_list":["post-1087","page","type-page","status-publish","hentry"],"_links":{"self":[{"href":"https:\/\/atropena.com\/mtfotografajansi\/wp-json\/wp\/v2\/pages\/1087","targetHints":{"allow":["GET"]}}],"collection":[{"href":"https:\/\/atropena.com\/mtfotografajansi\/wp-json\/wp\/v2\/pages"}],"about":[{"href":"https:\/\/atropena.com\/mtfotografajansi\/wp-json\/wp\/v2\/types\/page"}],"author":[{"embeddable":true,"href":"https:\/\/atropena.com\/mtfotografajansi\/wp-json\/wp\/v2\/users\/1"}],"replies":[{"embeddable":true,"href":"https:\/\/atropena.com\/mtfotografajansi\/wp-json\/wp\/v2\/comments?post=1087"}],"version-history":[{"count":25,"href":"https:\/\/atropena.com\/mtfotografajansi\/wp-json\/wp\/v2\/pages\/1087\/revisions"}],"predecessor-version":[{"id":2033,"href":"https:\/\/atropena.com\/mtfotografajansi\/wp-json\/wp\/v2\/pages\/1087\/revisions\/2033"}],"wp:attachment":[{"href":"https:\/\/atropena.com\/mtfotografajansi\/wp-json\/wp\/v2\/media?parent=1087"}],"curies":[{"name":"wp","href":"https:\/\/api.w.org\/{rel}","templated":true}]}}