{"id":31087,"date":"2020-04-30T11:12:41","date_gmt":"2020-04-30T11:12:41","guid":{"rendered":"https:\/\/atropena.com\/qxcarcare\/contact\/"},"modified":"2024-01-01T01:40:49","modified_gmt":"2023-12-31T22:40:49","slug":"iletisim","status":"publish","type":"page","link":"https:\/\/atropena.com\/ciciarabam\/iletisim\/","title":{"rendered":"ileti\u015fiM"},"content":{"rendered":"\t\t<div data-elementor-type=\"wp-page\" data-elementor-id=\"31087\" class=\"elementor elementor-31087\">\n\t\t\t\t\t\t\t\t\t<section class=\"elementor-section elementor-top-section elementor-element elementor-element-b35b84a elementor-section-full_width elementor-section-height-default elementor-section-height-default sc_fly_static\" data-id=\"b35b84a\" data-element_type=\"section\" data-settings=\"{&quot;background_background&quot;:&quot;classic&quot;}\">\n\t\t\t\t\t\t<div class=\"elementor-container elementor-column-gap-no\">\n\t\t\t\t\t<div class=\"elementor-column elementor-col-100 elementor-top-column elementor-element elementor-element-d92b45a sc_inner_width_none sc_content_align_inherit sc_layouts_column_icons_position_left sc_fly_static\" data-id=\"d92b45a\" data-element_type=\"column\">\n\t\t\t<div class=\"elementor-widget-wrap elementor-element-populated\">\n\t\t\t\t\t\t\t\t<div class=\"elementor-element elementor-element-0a4c225 sc_fly_static elementor-widget elementor-widget-trx_sc_googlemap\" data-id=\"0a4c225\" data-element_type=\"widget\" data-widget_type=\"trx_sc_googlemap.default\">\n\t\t\t\t<div class=\"elementor-widget-container\">\n\t\t\t<div id=\"sc_googlemap_179513077_wrap\" class=\"sc_googlemap_wrap\"><div id=\"sc_googlemap_179513077\"\t\t\tclass=\"sc_item_content sc_map sc_googlemap sc_googlemap_default trx_addons_inline_1449468601\"\n\t\t\t \t\t\tdata-zoom=\"12\"\n\t\t\tdata-center=\"\"\n\t\t\tdata-style=\"extra\"\n\t\t\tdata-cluster-icon=\"\"\n\t\t\t><iframe\n\t\t\t\t\t\tsrc=\"https:\/\/maps.google.com\/maps?t=m&output=embed&iwloc=near&z=12&q=41.07553238989331%2C+29.00065520113573\"\n\t\t\t\t\t\taria-label=\"\"><\/iframe><\/div><\/div>\t\t<\/div>\n\t\t\t\t<\/div>\n\t\t\t\t\t<\/div>\n\t\t<\/div>\n\t\t\t\t\t\t\t<\/div>\n\t\t<\/section>\n\t\t\t\t<section class=\"elementor-section elementor-top-section elementor-element elementor-element-6c7c8c8 elementor-section-boxed elementor-section-height-default elementor-section-height-default sc_fly_static\" data-id=\"6c7c8c8\" data-element_type=\"section\" data-settings=\"{&quot;background_background&quot;:&quot;classic&quot;}\">\n\t\t\t\t\t\t<div class=\"elementor-container elementor-column-gap-no\">\n\t\t\t\t\t<div class=\"elementor-column elementor-col-100 elementor-top-column elementor-element elementor-element-b959d1f sc_inner_width_none sc_content_align_inherit sc_layouts_column_icons_position_left sc_fly_static\" data-id=\"b959d1f\" data-element_type=\"column\">\n\t\t\t<div class=\"elementor-widget-wrap elementor-element-populated\">\n\t\t\t\t\t\t\t\t<div class=\"elementor-element elementor-element-e32bc46 sc_height_huge sc_fly_static elementor-widget elementor-widget-spacer\" data-id=\"e32bc46\" data-element_type=\"widget\" data-widget_type=\"spacer.default\">\n\t\t\t\t<div class=\"elementor-widget-container\">\n\t\t\t\t\t<div class=\"elementor-spacer\">\n\t\t\t<div class=\"elementor-spacer-inner\"><\/div>\n\t\t<\/div>\n\t\t\t\t<\/div>\n\t\t\t\t<\/div>\n\t\t\t\t<section class=\"elementor-section elementor-inner-section elementor-element elementor-element-a6b4fc0 elementor-section-boxed elementor-section-height-default elementor-section-height-default animation_type_block sc_fly_static elementor-invisible\" data-id=\"a6b4fc0\" data-element_type=\"section\" data-settings=\"{&quot;animation&quot;:&quot;detailx-fadein&quot;}\">\n\t\t\t\t\t\t<div class=\"elementor-container elementor-column-gap-no\">\n\t\t\t\t\t<div class=\"elementor-column elementor-col-100 elementor-inner-column elementor-element elementor-element-e6b955b sc_inner_width_none sc_content_align_inherit sc_layouts_column_icons_position_left sc_fly_static\" data-id=\"e6b955b\" data-element_type=\"column\">\n\t\t\t<div class=\"elementor-widget-wrap elementor-element-populated\">\n\t\t\t\t\t\t\t\t<div class=\"elementor-element elementor-element-328c18e sc_fly_static elementor-widget elementor-widget-trx_sc_title\" data-id=\"328c18e\" data-element_type=\"widget\" data-widget_type=\"trx_sc_title.default\">\n\t\t\t\t<div class=\"elementor-widget-container\">\n\t\t\t<div\t\tclass=\"sc_title sc_title_default\" ><span class=\"sc_item_subtitle sc_title_subtitle sc_item_subtitle_above sc_item_title_style_default\">C\u0130C\u0130ARABAM.COM<\/span><h1 class=\"sc_item_title sc_title_title sc_item_title_style_default sc_item_title_tag\"\n\t\t\t><span class=\"sc_item_title_text\">ADRES\u0130M\u0130Z<\/span><\/h1><\/div>\t\t<\/div>\n\t\t\t\t<\/div>\n\t\t\t\t<div class=\"elementor-element elementor-element-e897b27 sc_fly_static elementor-widget elementor-widget-spacer\" data-id=\"e897b27\" data-element_type=\"widget\" data-widget_type=\"spacer.default\">\n\t\t\t\t<div class=\"elementor-widget-container\">\n\t\t\t\t\t<div class=\"elementor-spacer\">\n\t\t\t<div class=\"elementor-spacer-inner\"><\/div>\n\t\t<\/div>\n\t\t\t\t<\/div>\n\t\t\t\t<\/div>\n\t\t\t\t<div class=\"elementor-element elementor-element-741a1f5 sc_fly_static elementor-widget elementor-widget-text-editor\" data-id=\"741a1f5\" data-element_type=\"widget\" data-widget_type=\"text-editor.default\">\n\t\t\t\t<div class=\"elementor-widget-container\">\n\t\t\t\t\t\t\t<p>KUNT DI\u015e T\u0130CARET LTD.\u015eT\u0130.<\/p><p>ORTABAYIR MAHALLES\u0130 DEREBOYU CADDES\u0130 NO:150\/B KA\u011eITHANE\/\u0130STANBUL<\/p>\t\t\t\t\t\t<\/div>\n\t\t\t\t<\/div>\n\t\t\t\t<div class=\"elementor-element elementor-element-e59232f sc_fly_static elementor-widget elementor-widget-spacer\" data-id=\"e59232f\" data-element_type=\"widget\" data-widget_type=\"spacer.default\">\n\t\t\t\t<div class=\"elementor-widget-container\">\n\t\t\t\t\t<div class=\"elementor-spacer\">\n\t\t\t<div class=\"elementor-spacer-inner\"><\/div>\n\t\t<\/div>\n\t\t\t\t<\/div>\n\t\t\t\t<\/div>\n\t\t\t\t<div class=\"elementor-element elementor-element-c7debea sc_fly_static elementor-widget elementor-widget-trx_sc_icons\" data-id=\"c7debea\" data-element_type=\"widget\" data-widget_type=\"trx_sc_icons.default\">\n\t\t\t\t<div class=\"elementor-widget-container\">\n\t\t\t<div \tclass=\"sc_icons sc_icons_simple sc_icons_size_small sc_align_none\" ><div class=\"sc_icons_item with_more\"><div class=\"sc_icons_icon sc_icon_type_ icon-marker\" style=\"color: #EA0A0B\" ><span class=\"sc_icon_type_ icon-marker\" style=\"color: #EA0A0B\"><\/span><\/div><div class=\"sc_icons_item_details\"><div class=\"sc_icons_item_description\"><span>ORTABAYIR MAH.DEREBOYU CAD.NO:150\/B KA\u011eITHANE\/\u0130ST.<\/span><\/div><\/div><\/div><div class=\"sc_icons_item sc_icons_item_linked with_more\"><div class=\"sc_icons_icon sc_icon_type_ icon-iphone\" style=\"color: #EA0A0B\" ><span class=\"sc_icon_type_ icon-iphone\" style=\"color: #EA0A0B\"><\/span><\/div><div class=\"sc_icons_item_details\"><a href=\"tel:552%20811%2030%2030\" class=\"sc_icons_item_more_link\">\n                        <span class=\"link_text\">0552 811 30 30<\/span><span class=\"link_icon\"><\/span>\n                        <\/a><a href=\"tel:552%20811%2030%2030\"\n                        class=\"sc_icons_item_link\">\n                        <\/a><\/div><\/div><div class=\"sc_icons_item\"><div class=\"sc_icons_icon sc_icon_type_ icon-envelope-2\" style=\"color: #EA0A0B\" ><span class=\"sc_icon_type_ icon-envelope-2\" style=\"color: #EA0A0B\"><\/span><\/div><div class=\"sc_icons_item_details\"><div class=\"sc_icons_item_description\"><span><a href=\"mailto:kuntdisticaret@gmail.com\">kuntdisticaret@gmail.com<\/a><\/span><\/div><\/div><\/div><\/div><!-- \/.sc_icons -->\t\t<\/div>\n\t\t\t\t<\/div>\n\t\t\t\t\t<\/div>\n\t\t<\/div>\n\t\t\t\t\t\t\t<\/div>\n\t\t<\/section>\n\t\t\t\t<div class=\"elementor-element elementor-element-6abefd5 sc_height_huge sc_fly_static elementor-widget elementor-widget-spacer\" data-id=\"6abefd5\" data-element_type=\"widget\" data-widget_type=\"spacer.default\">\n\t\t\t\t<div class=\"elementor-widget-container\">\n\t\t\t\t\t<div class=\"elementor-spacer\">\n\t\t\t<div class=\"elementor-spacer-inner\"><\/div>\n\t\t<\/div>\n\t\t\t\t<\/div>\n\t\t\t\t<\/div>\n\t\t\t\t\t<\/div>\n\t\t<\/div>\n\t\t\t\t\t\t\t<\/div>\n\t\t<\/section>\n\t\t\t\t\t\t\t<\/div>\n\t\t","protected":false},"excerpt":{"rendered":"<p>C\u0130C\u0130ARABAM.COM ADRES\u0130M\u0130Z KUNT DI\u015e T\u0130CARET LTD.\u015eT\u0130. ORTABAYIR MAHALLES\u0130 DEREBOYU CADDES\u0130 NO:150\/B KA\u011eITHANE\/\u0130STANBUL ORTABAYIR MAH.DEREBOYU CAD.NO:150\/B KA\u011eITHANE\/\u0130ST. 0552 811 30 30 kuntdisticaret@gmail.com<\/p>\n","protected":false},"author":1,"featured_media":0,"parent":0,"menu_order":0,"comment_status":"closed","ping_status":"closed","template":"","meta":{"_joinchat":[],"footnotes":""},"class_list":["post-31087","page","type-page","status-publish","hentry"],"_links":{"self":[{"href":"https:\/\/atropena.com\/ciciarabam\/wp-json\/wp\/v2\/pages\/31087","targetHints":{"allow":["GET"]}}],"collection":[{"href":"https:\/\/atropena.com\/ciciarabam\/wp-json\/wp\/v2\/pages"}],"about":[{"href":"https:\/\/atropena.com\/ciciarabam\/wp-json\/wp\/v2\/types\/page"}],"author":[{"embeddable":true,"href":"https:\/\/atropena.com\/ciciarabam\/wp-json\/wp\/v2\/users\/1"}],"replies":[{"embeddable":true,"href":"https:\/\/atropena.com\/ciciarabam\/wp-json\/wp\/v2\/comments?post=31087"}],"version-history":[{"count":3,"href":"https:\/\/atropena.com\/ciciarabam\/wp-json\/wp\/v2\/pages\/31087\/revisions"}],"predecessor-version":[{"id":31417,"href":"https:\/\/atropena.com\/ciciarabam\/wp-json\/wp\/v2\/pages\/31087\/revisions\/31417"}],"wp:attachment":[{"href":"https:\/\/atropena.com\/ciciarabam\/wp-json\/wp\/v2\/media?parent=31087"}],"curies":[{"name":"wp","href":"https:\/\/api.w.org\/{rel}","templated":true}]}}